{"id":2398,"date":"2024-03-26T14:13:14","date_gmt":"2024-03-26T14:13:14","guid":{"rendered":"https:\/\/www2.scholastic.ca\/bookfairs\/?page_id=2398"},"modified":"2024-08-23T20:41:36","modified_gmt":"2024-08-23T20:41:36","slug":"pourquoi-festival-du-livre","status":"publish","type":"page","link":"https:\/\/www2.scholastic.ca\/bookfairs\/pourquoi-festival-du-livre\/","title":{"rendered":"Pourquoi organiser un Festival du Livre?"},"content":{"rendered":"<div  class=\"container-fluid block_textwithimage\">\n\t<div class=\"bg-none mt-5 pb-5 container-fluid\">\n\t\t<div class=\"container\">\n\t\t\t\t\t\t<div class=\"my-5 my-lg-2 d-flex justify-content-center align-items-center flex-wrap flex-lg-nowrap flex-column flex-md-row\">\n\t\t\t\t\t\t\t<div class=\"col-md-6 text-center order-md-1 pe-lg-5 order-sm-1 pe-sm-4\">\n\t\t\t\t\t\t\t\t\t\t<img decoding=\"async\" src=\"https:\/\/www2.scholastic.ca\/bookfairs\/wp-content\/uploads\/sites\/4\/2024\/07\/admin-ajax_2_1_85.png\" alt=\"\" class=\"img-fluid\" \/>\n\t\t\t\t<\/div>\n\t\t\t\t<div class=\"col-md-6 align-items-center d-flex order-md-2 order-sm-2\">\n\t\t\t\t\t<div class=\"col\">\n\t\t\t\t\t\t\t\t\t\t\t\t<h2 class=\"mt-4 mt-md-0\"><span>Le Festival du Livre que les enfants veulent<\/span><\/h2>\n\t\t\t\t\t\t<p><span style=\"font-weight: 400\">Depuis plus de 60 ans, nous inspirons les enfants avec le pouvoir que conf\u00e8re le choix d\u2019un livre. Nous les mettons en contact avec leurs forces gr\u00e2ce \u00e0 cet univers vaste et riche qui leur est offert lorsqu\u2019ils et elles affirment \u00ab Je suis un\u00b7e lecteur\u00b7rice \u00bb. De la complicit\u00e9 avec les personnages aux \u00e9changes avec d\u2019autres passionn\u00e9\u00b7es de la lecture, c\u2019est le p\u00e9riple de toute une vie qui commence au Festival.<\/span><\/p>\n\t\t\t\t\t\t\t\t\t\t\t\t\t<a href=\"https:\/\/www2.scholastic.ca\/bookfairs\/ce-qui-est-inclus-dans-votre-festival-du-livre-scholastic\/\"  class=\"btn btn-outline-primary rounded-pill\" onclick=\"schcaTrackingEvent('French', 'Pourquoi organiser un Festival du Livre?', 'Le Festival du Livre que les enfants veulent: En savoir plus');\">En savoir plus<\/a>\n\t\t\t\t\t\t\t\t\t\t\t<\/div>\n\t\t\t\t<\/div>\n\t\t\t<\/div>\n\t\t<\/div>\n\t<\/div>\n<\/div>\n\n<div  class=\"container-fluid block_textwithimage\">\n\t<div class=\"bg-none mt-5 pb-5 container-fluid\">\n\t\t<div class=\"container\">\n\t\t\t\t\t\t<div class=\"my-5 my-lg-2 d-flex justify-content-center align-items-center flex-wrap flex-lg-nowrap flex-column flex-md-row\">\n\t\t\t\t\t\t\t<div class=\"col-md-6 text-center order-md-2 ps-lg-5 order-sm-1 ps-sm-4\">\n\t\t\t\t\t\t\t\t\t\t<img decoding=\"async\" src=\"https:\/\/www2.scholastic.ca\/bookfairs\/wp-content\/uploads\/sites\/4\/2024\/07\/raisereadersbookcase@2x-1024x1024.png\" alt=\"\" class=\"img-fluid\" \/>\n\t\t\t\t<\/div>\n\t\t\t\t<div class=\"col-md-6 align-items-center d-flex order-md-1 order-sm-2\">\n\t\t\t\t\t<div class=\"col\">\n\t\t\t\t\t\t\t\t\t\t\t\t<h2 class=\"mt-4 mt-md-0\"><span>Nous avons les livres!<\/span><\/h2>\n\t\t\t\t\t\t<p><span style=\"font-weight: 400\">En tant que plus grand \u00e9diteur de livres pour enfants, nous offrons notre expertise dans le choix des livres qui transforment les enfants en lecteur\u00b7rices. Notre s\u00e9lection comprend \u00e9galement des ouvrages d\u2019autres maisons d\u2019\u00e9dition de renom, et pas seulement de Scholastic, afin de r\u00e9pondre aux go\u00fbts et aux niveaux de lecture de chacun\u00b7e.<\/span><\/p>\n\t\t\t\t\t\t\t\t\t\t\t\t\t<a href=\"https:\/\/www2.scholastic.ca\/bookfairs\/livres-en-vedette\/\"  class=\"btn btn-outline-primary rounded-pill\" onclick=\"schcaTrackingEvent('French', 'Pourquoi organiser un Festival du Livre?', 'Nous avons les livres!: D\u00e9couvrez les livres');\">D\u00e9couvrez les livres<\/a>\n\t\t\t\t\t\t\t\t\t\t\t<\/div>\n\t\t\t\t<\/div>\n\t\t\t<\/div>\n\t\t<\/div>\n\t<\/div>\n<\/div>\n\n<div  class=\"container-fluid block_textwithimage\">\n\t<div class=\"bg-none mt-5 pb-5 container-fluid\">\n\t\t<div class=\"container\">\n\t\t\t\t\t\t<div class=\"my-5 my-lg-2 d-flex justify-content-center align-items-center flex-wrap flex-lg-nowrap flex-column flex-md-row\">\n\t\t\t\t\t\t\t<div class=\"col-md-6 text-center order-md-1 pe-lg-5 order-sm-1 pe-sm-4\">\n\t\t\t\t\t\t\t\t\t\t<img decoding=\"async\" src=\"https:\/\/www2.scholastic.ca\/bookfairs\/wp-content\/uploads\/sites\/4\/2024\/07\/sd10-12x_70_2_65.jpeg\" alt=\"\" class=\"img-fluid\" \/>\n\t\t\t\t<\/div>\n\t\t\t\t<div class=\"col-md-6 align-items-center d-flex order-md-2 order-sm-2\">\n\t\t\t\t\t<div class=\"col\">\n\t\t\t\t\t\t\t\t\t\t\t\t<h2 class=\"mt-4 mt-md-0\"><span>Vous gagnez plus avec le Festival du Livre Scholastic<\/span><\/h2>\n\t\t\t\t\t\t<p><span style=\"font-weight: 400\">Les \u00e9coles ont r\u00e9colt\u00e9 des millions de dollars en ressources \u00e9ducatives gr\u00e2ce au Festival du Livre Scholastic, donnant \u00e0 chaque enfant la chance de trouver un livre qu\u2019il ou elle aimera. En organisant un Festival du Livre, vous <\/span><a href=\"https:\/\/www2.scholastic.ca\/bookfairs\/dollars-scholastic\/\"><span style=\"font-weight: 400\">obtenez des r\u00e9compenses<\/span><\/a><span style=\"font-weight: 400\"> que votre \u00e9cole utilisera pendant des ann\u00e9es.<\/span><\/p>\n<p><span style=\"font-weight: 400\">De plus, vous pouvez bonifier vos avantages en choisissant les dollars Scholastic, qui vous permettent d\u2019obtenir jusqu\u2019\u00e0 50 % suppl\u00e9mentaires de la valeur de vos ventes que l\u2019option en argent comptant. Utilisez vos dollars Scholastic pour vous procurer du mobilier, des ressources et, bien s\u00fbr, plus de livres pour votre classe!<\/span><\/p>\n\t\t\t\t\t\t\t\t\t\t\t\t\t<a href=\"https:\/\/www2.scholastic.ca\/bookfairs\/info-festival-dollars-scholastic\/\"  class=\"btn btn-outline-primary rounded-pill\" onclick=\"schcaTrackingEvent('French', 'Pourquoi organiser un Festival du Livre?', 'Vous gagnez plus avec le Festival du Livre Scholastic: Obtenez des r\u00e9compenses');\">Obtenez des r\u00e9compenses<\/a>\n\t\t\t\t\t\t\t\t\t\t\t<\/div>\n\t\t\t\t<\/div>\n\t\t\t<\/div>\n\t\t<\/div>\n\t<\/div>\n<\/div>\n\n<div  class=\"container-fluid block_textwithimage\">\n\t<div class=\"bg-none mt-5 pb-5 container-fluid\">\n\t\t<div class=\"container\">\n\t\t\t\t\t\t<div class=\"my-5 my-lg-2 d-flex justify-content-center align-items-center flex-wrap flex-lg-nowrap flex-column flex-md-row\">\n\t\t\t\t\t\t\t<div class=\"col-md-6 text-center order-md-2 ps-lg-5 order-sm-1 ps-sm-4\">\n\t\t\t\t\t\t\t\t\t\t<img decoding=\"async\" src=\"https:\/\/www2.scholastic.ca\/bookfairs\/wp-content\/uploads\/sites\/4\/2024\/07\/dogman@2x.png\" alt=\"\" class=\"img-fluid\" \/>\n\t\t\t\t<\/div>\n\t\t\t\t<div class=\"col-md-6 align-items-center d-flex order-md-1 order-sm-2\">\n\t\t\t\t\t<div class=\"col\">\n\t\t\t\t\t\t\t\t\t\t\t\t<h2 class=\"mt-4 mt-md-0\"><span>Nous faisons une super \u00e9quipe!<\/span><\/h2>\n\t\t\t\t\t\t<p><span style=\"font-weight: 400\">Comme vous, notre mission est d\u2019apporter la joie de lire \u00e0 vos \u00e9l\u00e8ves.<\/span><\/p>\n<p><span style=\"font-weight: 400\">C\u2019est pourquoi le Fonds Tout est possible Scholastic Canada s\u2019associe \u00e0 des groupes communautaires, \u00e0 des organismes menant des initiatives d\u2019alphab\u00e9tisation sur le terrain, ainsi qu\u2019\u00e0 des organismes de bienfaisance et \u00e0 des partenaires sans but lucratif \u00e0 l\u2019\u00e9chelle nationale. Notre objectif est d\u2019am\u00e9liorer les aptitudes en lecture des enfants dans tout le pays, d\u2019enrichir les exp\u00e9riences d\u2019apprentissage et de susciter la joie de lire.<\/span><\/p>\n\t\t\t\t\t\t\t\t\t\t\t\t\t<a href=\"https:\/\/www.scholastic.ca\/editions\/lentreprise\/politique-de-dons.php\" target=\"_blank\" class=\"btn btn-outline-primary rounded-pill\" onclick=\"schcaTrackingEvent('French', 'Pourquoi organiser un Festival du Livre?', 'Nous faisons une super \u00e9quipe!: En savoir plus');\">En savoir plus<\/a>\n\t\t\t\t\t\t\t\t\t\t\t<\/div>\n\t\t\t\t<\/div>\n\t\t\t<\/div>\n\t\t<\/div>\n\t<\/div>\n<\/div>\n\n<div  class=\"container-fluid block_text\">\n\t<div class=\"bg-colour7  bg-border-wave-bottom2 container-fluid\">\n\t\t<div class=\"container\">\n\t\t\t<div class=\"col pb-2 text-center\">\n\t\t\t\t\t\t\t\t<h2 class=\"d-block mt-0\"><span>Organiser un Festival du Livre Scholastic<\/span><\/h2>\n\t\t\t\t<p><span style=\"font-weight: 400\">Nous rassemblons l\u2019ensemble de votre communaut\u00e9 autour de l\u2019exp\u00e9rience du Festival afin de vous permettre d\u2019obtenir des r\u00e9compenses et des ressources que votre \u00e9cole et vos \u00e9l\u00e8ves pourront utiliser pendant des ann\u00e9es!<\/span><\/p>\n\t\t\t\t\t\t\t\t\t<a href=\"https:\/\/www2.scholastic.ca\/bookfairs\/reservez-vos-dates\/\"  class=\"btn mt-4 btn-primary rounded-pill\" onclick=\"schcaTrackingEvent('French', 'Pourquoi organiser un Festival du Livre?', 'Organiser un Festival du Livre Scholastic: R\u00e9servez un Festival');\">R\u00e9servez un Festival<\/a>\n\t\t\t\t\t\t\t<\/div>\n\t\t<\/div>\n\t<\/div>\n<\/div>\n\n<div  class=\"container-fluid block_legaltext\">\n\t<div class=\" mt-5 pb-5 container-fluid\">\n\t\t<div class=\"container\">\n\t\t\t<div class=\"row\">\t\n\t\t\t\t<div class=\"col\" style=\"text-align: center;\">\n\t\t\t\t\t<p>\u00a9 2024, Scholastic Inc. Tous droits r\u00e9serv\u00e9s. SUPER CHIEN art \u00a9 Dav Pilkey.<\/p>\n\t\t\t\t<\/div>\n\t\t\t<\/div>\n\t\t<\/div>\n\t<\/div>\n<\/div>","protected":false},"excerpt":{"rendered":"","protected":false},"author":3,"featured_media":0,"parent":0,"menu_order":0,"comment_status":"closed","ping_status":"closed","template":"","meta":{"_acf_changed":true,"footnotes":""},"class_list":["post-2398","page","type-page","status-publish","hentry"],"acf":[],"yoast_head":"<!-- This site is optimized with the Yoast SEO plugin v26.6 - https:\/\/yoast.com\/wordpress\/plugins\/seo\/ -->\n<title>Pourquoi organiser un Festival du Livre? | Scholastic Canada Book Fairs<\/title>\n<meta name=\"robots\" content=\"index, follow, max-snippet:-1, max-image-preview:large, max-video-preview:-1\" \/>\n<link rel=\"canonical\" href=\"https:\/\/www2.scholastic.ca\/bookfairs\/pourquoi-festival-du-livre\/\" \/>\n<meta property=\"og:locale\" content=\"en_US\" \/>\n<meta property=\"og:type\" content=\"article\" \/>\n<meta property=\"og:title\" content=\"Pourquoi organiser un Festival du Livre? | Scholastic Canada Book Fairs\" \/>\n<meta property=\"og:url\" content=\"https:\/\/www2.scholastic.ca\/bookfairs\/pourquoi-festival-du-livre\/\" \/>\n<meta property=\"og:site_name\" content=\"Scholastic Canada Book Fairs\" \/>\n<meta property=\"article:modified_time\" content=\"2024-08-23T20:41:36+00:00\" \/>\n<meta name=\"twitter:card\" content=\"summary_large_image\" \/>\n<script type=\"application\/ld+json\" class=\"yoast-schema-graph\">{\"@context\":\"https:\/\/schema.org\",\"@graph\":[{\"@type\":\"WebPage\",\"@id\":\"https:\/\/www2.scholastic.ca\/bookfairs\/pourquoi-festival-du-livre\/\",\"url\":\"https:\/\/www2.scholastic.ca\/bookfairs\/pourquoi-festival-du-livre\/\",\"name\":\"Pourquoi organiser un Festival du Livre? | Scholastic Canada Book Fairs\",\"isPartOf\":{\"@id\":\"https:\/\/www2.scholastic.ca\/bookfairs\/#website\"},\"datePublished\":\"2024-03-26T14:13:14+00:00\",\"dateModified\":\"2024-08-23T20:41:36+00:00\",\"breadcrumb\":{\"@id\":\"https:\/\/www2.scholastic.ca\/bookfairs\/pourquoi-festival-du-livre\/#breadcrumb\"},\"inLanguage\":\"en-US\",\"potentialAction\":[{\"@type\":\"ReadAction\",\"target\":[\"https:\/\/www2.scholastic.ca\/bookfairs\/pourquoi-festival-du-livre\/\"]}]},{\"@type\":\"BreadcrumbList\",\"@id\":\"https:\/\/www2.scholastic.ca\/bookfairs\/pourquoi-festival-du-livre\/#breadcrumb\",\"itemListElement\":[{\"@type\":\"ListItem\",\"position\":1,\"name\":\"Home\",\"item\":\"https:\/\/www2.scholastic.ca\/bookfairs\/\"},{\"@type\":\"ListItem\",\"position\":2,\"name\":\"Pourquoi organiser un Festival du Livre?\"}]},{\"@type\":\"WebSite\",\"@id\":\"https:\/\/www2.scholastic.ca\/bookfairs\/#website\",\"url\":\"https:\/\/www2.scholastic.ca\/bookfairs\/\",\"name\":\"Scholastic Canada Book Fairs\",\"description\":\"\",\"potentialAction\":[{\"@type\":\"SearchAction\",\"target\":{\"@type\":\"EntryPoint\",\"urlTemplate\":\"https:\/\/www2.scholastic.ca\/bookfairs\/?s={search_term_string}\"},\"query-input\":{\"@type\":\"PropertyValueSpecification\",\"valueRequired\":true,\"valueName\":\"search_term_string\"}}],\"inLanguage\":\"en-US\"}]}<\/script>\n<!-- \/ Yoast SEO plugin. -->","yoast_head_json":{"title":"Pourquoi organiser un Festival du Livre? | Scholastic Canada Book Fairs","robots":{"index":"index","follow":"follow","max-snippet":"max-snippet:-1","max-image-preview":"max-image-preview:large","max-video-preview":"max-video-preview:-1"},"canonical":"https:\/\/www2.scholastic.ca\/bookfairs\/pourquoi-festival-du-livre\/","og_locale":"en_US","og_type":"article","og_title":"Pourquoi organiser un Festival du Livre? | Scholastic Canada Book Fairs","og_url":"https:\/\/www2.scholastic.ca\/bookfairs\/pourquoi-festival-du-livre\/","og_site_name":"Scholastic Canada Book Fairs","article_modified_time":"2024-08-23T20:41:36+00:00","twitter_card":"summary_large_image","schema":{"@context":"https:\/\/schema.org","@graph":[{"@type":"WebPage","@id":"https:\/\/www2.scholastic.ca\/bookfairs\/pourquoi-festival-du-livre\/","url":"https:\/\/www2.scholastic.ca\/bookfairs\/pourquoi-festival-du-livre\/","name":"Pourquoi organiser un Festival du Livre? | Scholastic Canada Book Fairs","isPartOf":{"@id":"https:\/\/www2.scholastic.ca\/bookfairs\/#website"},"datePublished":"2024-03-26T14:13:14+00:00","dateModified":"2024-08-23T20:41:36+00:00","breadcrumb":{"@id":"https:\/\/www2.scholastic.ca\/bookfairs\/pourquoi-festival-du-livre\/#breadcrumb"},"inLanguage":"en-US","potentialAction":[{"@type":"ReadAction","target":["https:\/\/www2.scholastic.ca\/bookfairs\/pourquoi-festival-du-livre\/"]}]},{"@type":"BreadcrumbList","@id":"https:\/\/www2.scholastic.ca\/bookfairs\/pourquoi-festival-du-livre\/#breadcrumb","itemListElement":[{"@type":"ListItem","position":1,"name":"Home","item":"https:\/\/www2.scholastic.ca\/bookfairs\/"},{"@type":"ListItem","position":2,"name":"Pourquoi organiser un Festival du Livre?"}]},{"@type":"WebSite","@id":"https:\/\/www2.scholastic.ca\/bookfairs\/#website","url":"https:\/\/www2.scholastic.ca\/bookfairs\/","name":"Scholastic Canada Book Fairs","description":"","potentialAction":[{"@type":"SearchAction","target":{"@type":"EntryPoint","urlTemplate":"https:\/\/www2.scholastic.ca\/bookfairs\/?s={search_term_string}"},"query-input":{"@type":"PropertyValueSpecification","valueRequired":true,"valueName":"search_term_string"}}],"inLanguage":"en-US"}]}},"_links":{"self":[{"href":"https:\/\/www2.scholastic.ca\/bookfairs\/wp-json\/wp\/v2\/pages\/2398","targetHints":{"allow":["GET"]}}],"collection":[{"href":"https:\/\/www2.scholastic.ca\/bookfairs\/wp-json\/wp\/v2\/pages"}],"about":[{"href":"https:\/\/www2.scholastic.ca\/bookfairs\/wp-json\/wp\/v2\/types\/page"}],"author":[{"embeddable":true,"href":"https:\/\/www2.scholastic.ca\/bookfairs\/wp-json\/wp\/v2\/users\/3"}],"replies":[{"embeddable":true,"href":"https:\/\/www2.scholastic.ca\/bookfairs\/wp-json\/wp\/v2\/comments?post=2398"}],"version-history":[{"count":0,"href":"https:\/\/www2.scholastic.ca\/bookfairs\/wp-json\/wp\/v2\/pages\/2398\/revisions"}],"wp:attachment":[{"href":"https:\/\/www2.scholastic.ca\/bookfairs\/wp-json\/wp\/v2\/media?parent=2398"}],"curies":[{"name":"wp","href":"https:\/\/api.w.org\/{rel}","templated":true}]}}